 -20597?
-2c925
In base 13, what is 304b81 - 3a?
304b44
In base 8, what is -10253 + 103165?
72712
In base 11, what is 6a2241 + -13?
6a2229
In base 7, what is -264506 + -216?
-265025
In base 10, what is -1286 + -5989?
-7275
In base 8, what is 1005 + -4406?
-3401
In base 11, what is -589a674 - -2a?
-589a645
In base 2, what is -1001001 - -1101110001010000010?
1101110001000111001
In base 15, what is -44 + 5aa70c?
5aa6b8
In base 10, what is -603871 + -7?
-603878
In base 9, what is -1 - 18878120?
-18878121
In base 16, what is 1d0 - -13ddd4?
13dfa4
In base 7, what is -12 - -1436431?
1436416
In base 11, what is -114837 - -186?
-114661
In base 5, what is -10311 - -4103112?
4042301
In base 15, what is -99 + 3ac719?
3ac670
In base 8, what is 2 + 44447607?
44447611
In base 13, what is 14b8335 - -24?
14b8359
In base 15, what is -26c641 - 1?
-26c642
In base 12, what is -6721a93 + 0?
-6721a93
In base 12, what is 2492 - 8b05?
-6633
In base 4, what is -1003220 + -23100?
-1032320
In base 10, what is 0 + 51863311?
51863311
In base 12, what is 59 - 278?
-21b
In base 5, what is 343 - -13144143?
13200041
In base 16, what is e98 - -592f?
67c7
In base 4, what is 3200022121 - 110?
3200022011
In base 13, what is 65 + -251000?
-250c68
In base 3, what is -11 - 2022220021021212?
-2022220021022000
In base 5, what is 3314 - -302343430?
302402244
In base 15, what is c10 + -25b9e?
-24e8e
In base 3, what is -22211002211020 - -20?
-22211002211000
In base 14, what is -31c68 + 307?
-31961
In base 15, what is -141 - 415c9?
-4171a
In base 13, what is 13a06 + 60b?
14314
In base 2, what is -1100 + -1001101000001101010?
-1001101000001110110
In base 11, what is -1 + 37243986?
37243985
In base 14, what is -1092541 - 3?
-1092544
In base 5, what is -442103432021 - 0?
-442103432021
In base 8, what is 1 + -12377255?
-12377254
In base 3, what is -1 - -12002022212010?
12002022212002
In base 8, what is -32376 - -4543?
-25633
In base 2, what is 111110100 + -10000111110100110010?
-10000111101100111110
In base 5, what is -344031 - -13433?
-330043
In base 8, what is -160 - -253557?
253377
In base 7, what is 621052 + -166?
620553
In base 3, what is 11020 + 21122220012?
21200001102
In base 2, what is -100000101011 + 111111101000?
11110111101
In base 14, what is -995 + 3042?
248b
In base 15, what is -1e07957 + -3?
-1e0795a
In base 5, what is -12 - -3204441210?
3204441143
In base 7, what is -21 - 4253623?
-4253644
In base 5, what is -313120410110 - 2?
-313120410112
In base 13, what is 254007a5 - -2?
254007a7
In base 8, what is -77456 + -13762?
-113440
In base 6, what is -14 + 420525350?
420525332
In base 5, what is -2 + -12233433331?
-12233433333
In base 8, what is 32 - 1363473?
-1363441
In base 7, what is -443 - -1363353?
1362610
In base 7, what is 305 + -2563164?
-2562556
In base 8, what is -444 + -16525?
-17171
In base 6, what is 5 - -4134405214?
4134405223
In base 4, what is -32330221 - -1300?
-32322321
In base 10, what is 204626 + -14?
204612
In base 14, what is 50b837c - b?
50b8371
In base 9, what is -367 - -27746?
27368
In base 7, what is -51 - -66116?
66035
In base 14, what is 403 - a931?
-a52c
In base 11, what is -3a08 - -79aa?
3aa2
In base 6, what is 13412 + -3301035?
-3243223
In base 14, what is 0 - -4a321?
4a321
In base 6, what is 351032 - 251402?
55230
In base 5, what is 0 - 133014320022?
-133014320022
In base 12, what is -5 + -15350371?
-15350376
In base 14, what is 41 - -6bbb4?
6bc15
In base 3, what is 211 - -10101210112222?
10101210120210
In base 15, what is -194de45 + -4?
-194de49
In base 9, what is -65825246 - 3?
-65825250
In base 10, what is 355821 - -292?
356113
In base 13, what is 5b95377a - 1?
5b953779
In base 12, what is -29 - a411a7?
-a41214
In base 3, what is 12000012111102022 + 100?
12000012111102122
In base 14, what is cc37 - -18b?
cdc4
In base 10, what is 1313 - 7539?
-6226
In base 6, what is -12 + 14311101?
14311045
In base 16, what is -4575 - -ca?
-44ab
In base 13, what is 8b + ac45c?
ac51a
In base 16, what is -16d134d + -1?
-16d134e
In base 9, what is 13516863 + -1?
13516862
In base 16, what is e0dafb + -5?
e0daf6
In base 15, what is -2053 + -964b?
-b69e
In base 12, what is -7 - -2622074b?
26220744
In base 16, what is -c8ec56 + 5?
-c8ec51
In base 16, what is -2 - -8a2eb?
8a2e9
In base 14, what is 6869 - 2d?
683a
In base 15, what is 1 + -1ce3e7?
-1ce3e6
In base 4, what is -2221300233130 - -2?
-2221300233122
In base 9, what is 3 - 16187284?
-16187281
In base 9, what is -41 + -84112701?
-84112742
In base 12, what is 2 - -2219a93?
2219a95
In base 11, what is 346 - -a7951?
a8197
In base 3, what is 100201221011001 + 0?
100201221011001
In base 13, what is 0 - 2a120347?
-2a120347
In base 16, what is 6c + 268b0?
2691c
In base 14, what is 18b - 89c2?
-8835
In base 16, what is 0 - 1a7f9e?
-1a7f9e
In base 13, what is -c05375 + -28?
-c053a0
In base 6, what is -124413223 + -230?
-124413453
In base 5, what is -1011113 + 2112?
-1004001
In base 14, what is 151 + -673?
-522
In base 14, what is -50dc - 31dc?
-82da
In base 3, what is -20 - -1001221210012121?
1001221210012101
In base 13, what is -107 - -73707?
73600
In base 9, what is -8 + 1605727?
1605718
In base 7, what is 64024034661 - 1?
64024034660
In base 5, what is -3240210003 - -43?
-3240204410
In base 16, what is -938 - 1d34d?
-1dc85
In base 10, what is -5565 + 952?
-4613
In base 4, what is 1102 - 200132221?
-200131113
In base 3, what is 2000 + 2200020022020?
2200020101020
In base 15, what is -46386 + -27?
-463ad
In base 4, what is -1233300 - -2310200?
1010300
In base 15, what is 2 - -24de02e?
24de031
In base 6, what is 0 - -441022220?
441022220
In base 15, what is -2 + -e786756?
-e786758
In base 6, what is -10 - -54242130?
54242120
In base 7, what is 11 - 11442112?
-11442101
In base 16, what is 11 + -3b3df?
-3b3ce
In base 8, what is -1773374767 + -2?
-1773374771
In base 3, what is -121022 - -200120221?
122222122
In base 11, what is 1 + -1453193?
-1453192
In base 15, what is 7b78 - -202?
7d7a
In base 11, what is -4422357 + 5?
-4422352
In base 4, what is 2120110031 + -12?
2120110013
In base 5, what is -10402 + 2103022?
2042120
In base 15, what is -16 + 2bdad6?
2bdac0
In base 13, what is -223 - 5b95?
-60b8
In base 15, what is d67be9a + -5?
d67be95
In base 7, what is 203336261 - 4?
203336254
In base 11, what is -41 - -68759a?
687559
In base 10, what is 22 - -2469530?
2469552
In base 2, what is 10110 - 101100011011110010?
-101100011011011100
In base 16, what is -656c7 - 1?
-656c8
In base 15, what is -903 - 119b?
-1a9e
In base 6, what is -10305545000 - 4?
-10305545004
In base 7, what is 12063 - -133316?
145412
In base 14, what is -c4d7d981 - 4?
-c4d7d985
In base 9, what is -166600 + -10?
-166610
In base 14, what is 0 + -6b69134?
-6b69134
In base 14, what is 0 + 354b9c?
354b9c
In base 4, what is -1023111301 + 21?
-1023111220
In base 5, what is 4 - 104403030124?
-104403030120
In base 4, what is -100303213121 - -3?
-100303213112
In base 11, what is -a - -4865?
4856
In base 3, what is 10020202102120 - 212100?
10020201120020
In base 7, what is -50 - -30003545?
30003465
In base 2, what is 11 - -11101001000001010100010000?
11101001000001010100010011
In base 16, what is -22b42d + -2?
-22b42f
In base 2, what is -1010011011 - -110111001001111?
110101110110100
In base 4, what is 2222121011 + 22?
2222121033
In base 11, what is -5 + 2629286?
2629281
In base 10, what is -59345 + -960?
-60305
In base 4, what is 13310 - -11022111?
11102021
In base 15, what is 1d969 + 1d?
1d987
In base 14, what is -7 - abb4d?
-abb56
In base 11, what is 662716 - 27?
66269a
In base 15, what is -648 + 1029?
8d1
In base 6, what is -41022 - -1430?
-35152
In base 15, what is -19922a - 47?
-199272
In base 10, what is -30 + -277070?
-277100
In base 15, what is -5e4 + 4ec?
-e7
In base 15, what is 4ce3 + -6d?
4c75
In base 10, what is -13611 - -11177?
-2434
In base 12, what is -155a + -147?
-16a5
In base 3, what is -2112201002021 + -221?
-2112201010012
In base 16, what is 7f + -1f459?
-1f3da
In base 8, what is 5 - 36400707?
-36400702
In base 9, what is -57778 - 1188?
-60077
In base 3, what is -1102122122002 - 1022?
-1102122200101
In base 4, what is -13011 - -10303120?
10230103
In base 7, what is -16110 + -21143?
-40253
In base 13, what is 5ba2 - 5ba?
55b5
In base 12, what is -